1. Let y(n) = n + 2. Let z(t) = j*a(t) - 5*y(t). Let r = 5 - 10. Give z(r).
3
Let t(b) be the second derivative of -b**6/360 + b**5/20 - b**4/6 - b**3/6 - 3*b. Let d(x) be the second derivative of t(x). Calculate d(3).
5
Let b(q) = -11*q**2 + 11*q + 1. Let t = 10 - 7. Let m(x) = -4*x**2 + 4*x. Let f(s) = t*b(s) - 8*m(s). Determine f(-3).
-9
Let s(a) = a**3 - 7*a**2 + 5 + 1 + 5*a + 0. Let u = 11 + -5. Let f be s(u). Let w(o) = o + 2. Determine w(f).
2
Let f(y) be the third derivative of -1/3*y**3 + 1/360*y**6 + 0*y - 1/20*y**5 + 1/4*y**4 + 2*y**2 + 0. Let o(m) be the first derivative of f(m). Determine o(5).
1
Let s(c) be the third derivative of c**5/60 + c**3/3 - 22*c**2. What is s(2)?
6
Let i(k) = k**2 - 3*k - 3. Let b(c) = -4*c - 31. Let m be b(-9). What is i(m)?
7
Let r(q) = q**3 - 13*q**2 + 3*q + 1. Let l(h) = -2*h**3 + 25*h**2 - 6*h - 3. Let a = -9 + 15. Let w(n) = a*l(n) + 11*r(n). What is w(6)?
11
Let c be (-4)/(-14) + (-66)/(-14). Let s(v) = v - 5. Let n(g) = -g + 6. Let h(f) = c*n(f) + 6*s(f). Let t = -119 - -120. Give h(t).
1
Let j(i) = i**3 + 4*i**2 + 5. Let t be j(-4). Let w be 1/(1/t*1). Let b(u) = -2*u + 3. What is b(w)?
-7
Let t(o) = -3*o**3 - 3*o**2 - 2*o - 3. Suppose -32 = -4*p + 20*p. Determine t(p).
13
Let q(w) = w**3 + 8*w**2 + 8. Suppose -y + 4*f + 8 = 0, 5*f = -4*y + 2*y - 36. Calculate q(y).
8
Let o(j) = -j**3 - 2*j + 2. Let a = -12 - -14. Determine o(a).
-10
Let i(b) be the first derivative of 2*b**2 + 2 - b + 1/4*b**4 + 5/3*b**3. Suppose 4*w + 8 = -5*f + 4*f, 18 = -4*f - 2*w. Calculate i(f).
-1
Let u(c) = 8*c**2 - 4. Let v(p) = 9*p**2 - 5. Let g(b) = -5*u(b) + 4*v(b). Determine g(1).
-4
Let o(k) = -3 + 1 - 3 - 2*k + 7. What is o(2)?
-2
Let v be (6 - 6) + (-4)/1. Let h(k) = k**3 + 3*k**2 - 3*k + 2. Determine h(v).
-2
Let l(v) be the first derivative of -v**4/12 - v**3 + 2*v**2 + 9*v - 2. Let g(w) be the first derivative of l(w). What is g(-4)?
12
Let z(m) = -m - 7. Let l be 3*12/(-9) + 0 + -1. Calculate z(l).
-2
Let p(q) be the third derivative of -1/24*q**4 + 1/120*q**6 + 0 + 4*q**2 + 0*q**5 + 0*q + 1/6*q**3. Calculate p(-2).
-5
Let u(a) be the second derivative of a**6/180 - a**5/60 + a**4/12 - 4*a. Let o(p) be the third derivative of u(p). What is o(2)?
6
Let g be 1 - 0 - 2*-1. Suppose -5*s + v + 1 = -0, 0 = s - v + g. Let b(k) = 5*k. What is b(s)?
5
Let u(m) = m**2 + 3*m + 2. Let n(q) = 2*q**2 + 7*q + 5. Let j(t) = 4*n(t) - 7*u(t). Let c = 4 + -2. Let s be (8/(-6))/(c/6). Calculate j(s).
-6
Let w(a) = 4*a**3 - 8*a**2 + 2*a + 8 - 16 - a**3. Let b(j) = -8*j**3 + 23*j**2 - 7*j + 23. Let n(m) = 4*b(m) + 11*w(m). Calculate n(-5).
9
Let f(l) = -2 + 7*l**2 - 5*l + 0*l**3 - 3*l**2 + l**3. Let h = -1 + -7. Let j be h - -2*9/6. What is f(j)?
-2
Let m(y) = -y**3 - y**2 - y + 3. Let k(v) = 2*v**3 + v**2 + v - 7. Let l(o) = 6*k(o) + 13*m(o). Let d(q) = -q - 12. Let x be d(-6). Give l(x).
3
Let o = -20 - -36. Let w be (-84)/o - 1/(-4). Let t(v) = v**2 + 5*v - 4. What is t(w)?
-4
Let n = 6 + -3. Suppose -3 = -n*w + 3. Let b(a) = 2*a**2 - 3*a + 2. Calculate b(w).
4
Let z(w) be the third derivative of -5*w**4/24 - 7*w**2. Determine z(4).
-20
Suppose 3*l = 2*v + 5*l + 4, 4*l + 14 = -v. Let n(x) = x**2 + 3*x - 3. Determine n(v).
7
Suppose -4*l - 44 = 4. Let r = 16 + l. Let b(n) = n - 6. Determine b(r).
-2
Let g = -212 + 209. Let c(z) be the first derivative of -z**3/3 - 3*z**2/2 + 3*z + 1. Determine c(g).
3
Let n(i) = -5*i - 2*i - 4 + 9*i + 3*i**2 + 7*i. Let r(h) = -5*h**2 - 14*h + 6. Let f(z) = -8*n(z) - 5*r(z). Give f(3).
5
Let v(w) = -w**3 + 4*w**2 + w - 6. Let l(c) = -c**3 + 4*c**2 + 2*c - 6. Let z(k) = -4*l(k) + 3*v(k). Determine z(5).
6
Let f(l) = l**2 + 1 - 2 + 0. Let w(p) be the third derivative of p**5/10 + p**4/8 - 5*p**3/6 + 5*p**2. Let b(s) = 5*f(s) - w(s). Give b(-3).
0
Let r(h) = -6*h + 4. Let l(i) = -17*i + 11. Let o(j) = 4*l(j) - 11*r(j). What is o(-1)?
2
Suppose 2*a - 26 = -4*i + a, -4*i + 4*a = -36. Let g(l) = -4*l - 3. Let x(y) = 2*y + 1. Let w(b) = i*x(b) + 3*g(b). Determine w(-2).
-6
Let w(r) = -r**3 + 7*r - 6*r**2 - 5 - r**3 + 3*r**3. Let p be 62/14 - (-88)/154. Calculate w(p).
5
Let s(c) = -4*c**2 + c**3 - 61*c + 126*c - 61*c + 1. Let j = -1 + 4. Give s(j).
4
Let o(n) = -n**3 + n**2 + n + 1. Let i(z) = -2*z**3 - 2*z**2 + 8*z + 7. Let j(d) = i(d) - 3*o(d). What is j(5)?
29
Let h(w) = -4*w. Let s be h(1). Let d(v) = v - 4. Determine d(s).
-8
Let g(f) = -f**2 + 2*f - 2. Suppose 0 = c - 4*b + 18 - 0, -2*c - 16 = -4*b. Determine g(c).
-2
Let z(x) = -10 + 4 + 0*x + x. Let a be z(6). Let j = 3 - a. Let d(p) = -p**2 + 3*p - 4. Determine d(j).
-4
Let o(u) be the second derivative of -u**3/3 - 2*u**2 - 11*u. Determine o(-7).
10
Let g(i) = -2*i**2 - 13*i - 9. Let x be g(-5). Let c(q) = -q**2 + 5*q - 5. Give c(x).
-11
Let x(w) = 13*w. Suppose -2*z - 6 = -4. Give x(z).
-13
Let i = 13 - 12. Let c(k) = 7*k + i + 5*k - 8*k. Calculate c(-3).
-11
Let z(w) = -2*w + 2*w + w + 11 - 2*w. Give z(6).
5
Let i(a) be the third derivative of -a**5/60 + 3*a**4/8 - 7*a**3/6 + 4*a**2 + 2*a. Determine i(7).
7
Let s(r) = -r**2 + 7*r - 5. Suppose q - 13 = -7. Calculate s(q).
1
Let u be (-6*1)/3 - 0. Let c(l) be the third derivative of l**6/60 + l**5/15 + l**4/6 + l**3/2 + l**2. Determine c(u).
-5
Let p(o) = o**3 - 2*o**2 - 2*o + 2. Suppose -3*y - 3 = -33. Let n be (1 + (0 - y))*-2. Suppose 5*s = -u + n - 4, -4*u = 5*s - 26. Give p(s).
-2
Let g be 30/7 + (-6)/21. Let j(n) = 3*n + 2. Let a(z) = -z - 1. Let u(f) = 2*a(f) + j(f). Calculate u(g).
4
Let s = 3 - 0. Let h(a) = 2*a + a**2 - 3*a - a - s. Determine h(4).
5
Let r(h) be the first derivative of h**5/120 - 4*h**3/3 + 2. Let a(s) be the third derivative of r(s). Determine a(3).
3
Suppose -9*z + 32 = -z. Let g(h) be the second derivative of -2/3*h**3 + h**2 + 0 - 1/20*h**5 - 5/12*h**z + 3*h. What is g(-4)?
2
Let m(f) = f + 4. Let b be m(0). Let x(t) = -3 + 3 + 3 - b*t + 0. Let p be 6/21 + 12/7. Give x(p).
-5
Let h(s) be the second derivative of s**3/2 + 6*s. Let c be (-171)/(-6)*4/3. Let j be 2/7 - c/(-14). Calculate h(j).
9
Let x(g) = g - 1. Let h(l) = l + 2. Suppose u - 20 = -4*u - 5*y, -4*u = -4*y. Suppose u*b - 3 = 3. Let p be h(b). Determine x(p).
4
Let s = 6 + -17. Let a be (-13)/s + (-2)/11. Suppose -v + a = 5. Let l(f) = f**3 + 3*f**2 - 5*f - 1. Determine l(v).
3
Let q = -21 - -23. Let r(m) = 5*m + 0*m**q + 3*m**2 + 1 - 13*m - 2*m**2. Determine r(5).
-14
Let o(d) = -2*d + d + 3 - 1 + d**3. Give o(0).
2
Let n(t) = 3*t - 7. Let j(r) = -2*r - 8. Let p be j(-6). Let s(c) = -2*c + 6. Let a(m) = p*s(m) + 3*n(m). Give a(0).
3
Let p(u) = -11*u**2 + u. Suppose -3*g = -2*g - 2. Suppose -21 = 5*j - g*j. Let v be (1 - 3)/(5 + j). What is p(v)?
-10
Let z(r) = -r**2 - r + 3. Let m be z(-4). Let q = m - -9. Let g(o) = -o**3 + o**2 + o + 2. Let t be g(q). Let w(v) = 4*v + 1. Calculate w(t).
9
Let m = 10 + 6. Suppose -5*x = -3*h - 16, -3*x - x + 11 = -3*h. Suppose -l = h*l + m. Let q(o) = -o - 3. Calculate q(l).
1
Let w(u) be the second derivative of u**3/3 + u**2 - 2*u. Suppose 14 + 1 = 3*h. Suppose -h*f = -4*f + 3. Give w(f).
-4
Suppose 0 = 5*k + 5*k. Let b(p) = p + 5. Calculate b(k).
5
Let r = 1 - 4. Let p = -1 - r. Let t(c) = c - p*c - c. What is t(2)?
-4
Let w(f) = -f**2 + 7*f + 8. Let t(s) = 9*s**2 - s. Let n be t(1). Let b be w(n). Let h(j) = -j + 6. What is h(b)?
6
Let p be 8/10*(-40)/16. Let f(v) = 7*v**3 - v**2 - 3*v - 8. Let a(s) = 6*s**3 - s**2 - 3*s - 7. Let h(k) = 6*a(k) - 5*f(k). Calculate h(p).
-8
Let x(l) = -30*l + 4 + 5 + 32*l. Give x(-6).
-3
Let f(a) = a**3 + a**2 - a - 6. Suppose 4*y = -6 - 18. Let p be (6/y)/(2/26). Let c(h) = 2*h**3 + 2*h**2 - 2*h - 13. Let s(v) = p*f(v) + 6*c(v). Calculate s(0).
0
Let w(q) be the first derivative of 4*q**3/3 + q + 9. What is w(1)?
5
Let f(s) = 21*s**3 + 7*s + 7. Let d(y) = 10*y**3 + 3*y + 3. Let k(c) = 5*d(c) - 2*f(c). Determine k(-1).
-8
Let f(n) = -n**2 + 4*n - 4. Let o(u) = 8*u - 6. Let d(y) = -y**2 - 32*y + 23. Let r(l) = -2*d(l) - 9*o(l). Let a(t) = 9*f(t) + 4*r(t). Give a(6).
-16
Let h(z) = 6 + 7 + 6*z + z**2 - 9 + 0. Suppose -2*f = -5*x + f - 40, -4*x - 5*f = -5. Calculate h(x).
-1
Suppose 108 = 4*x - 4*f + 8*f, 153 = 5*x - f. Let h be 10/(-3)*(-54)/x. Let c(k) = -k + 4. What is c(h)?
-2
Let d(m) = -m. Let f be (-6)/(-10) - 2/(-5). Let 